- 11*w**2 - 2*w + 12. Let k be t(-11). Let y = k + -48. Calculate the remainder when 9 is divided by 23/7 - (-4)/y.
0
Suppose -8 = -2*z + 2. Suppose -124 = z*o - 9*o. What is the remainder when (-2)/5 - (-297)/5 is divided by o?
28
Let y(o) = 4*o + 67. What is the remainder when 122 is divided by y(-9)?
29
Suppose -4*v = -23 - 65. Let s be 33/v*6/1. Suppose 0 = -d - 4*p + 21, -p + s = 2*p. What is the remainder when d is divided by 5?
4
Let f(w) = -4*w + 16. Let b(u) = 15*u - 64. Let x(z) = -6*b(z) - 22*f(z). What is the remainder when 27 is divided by x(9)?
13
Let t(x) be the third derivative of -x**4/24 + x**3/3 - 40*x**2. Calculate the remainder when 39 is divided by t(-12).
11
Suppose 0*y - 2*x = -4*y + 6, -3*y - 4*x = -32. Suppose 0 = z - y*z + 27. Suppose -87 = -4*d + 17. What is the remainder when d is divided by z?
8
Suppose -52 = 3*r + r. Let h(x) = 2*x**3 - x**2 + 4*x. What is the remainder when h(3) is divided by -1*((2 - 4) + r)?
12
Let y be (-556)/(-12) - 3/9. Suppose -29*t + y = -28*t. What is the remainder when t is divided by 8?
6
Let w(s) = -10*s - 3. Let t be (-8)/(-16)*(5 + 2 + -1). What is the remainder when w(-5) is divided by (-108)/t*(-5)/15?
11
Suppose -4*k + 0*k = -44. Suppose 0 = -t - 2*c + 8, 4 = -5*c - k. Suppose -14*f - 152 = -18*f. What is the remainder when f is divided by t?
10
Let c = 194 + -104. Suppose 9*d - c - 243 = 0. What is the remainder when 110 is divided by d?
36
Let j be (4/6)/((-3)/(-27)). Suppose 0 = 4*s - j*s + 106. Calculate the remainder when s is divided by 18.
17
Let l(y) = -y + 9. Let d = -3 - 1. Calculate the remainder when l(d) is divided by 8.
5
Let d = -1579 + 1757. Let m(n) = -16*n - 3. What is the remainder when d is divided by m(-3)?
43
Let m(w) = 6*w**2 + w - 2. Let s be m(-1). Suppose -s*k - 5 = -2*k, -64 = -3*f + 2*k. Suppose -4*i + 362 = 78. What is the remainder when i is divided by f?
17
What is the remainder when 209 is divided by ((-12)/9)/(24/(-324)) + -6?
5
Calculate the remainder when 68 is divided by (-32)/(-128) - (-139)/4.
33
Suppose 3*i + 4 = 8*i - 3*s, i - 4*s = -6. What is the remainder when 19 is divided by i?
1
Let i(b) = -b + 11*b**2 + 23 - 9 - 10*b - b**3. Let y be i(10). Suppose -32 = 3*d - y*d. What is the remainder when 127 is divided by d?
31
Suppose 0 = -b + 2*t + 160 + 168, 3*b + 3*t - 939 = 0. What is the remainder when b is divided by 14?
10
Let u(z) = 31*z + 357. What is the remainder when u(-10) is divided by 21?
5
Let t = -43 - -7. Let h = -438 - -440. What is the remainder when h is divided by (-64)/t - (-4)/18?
0
What is the remainder when 1672 is divided by 6*(21 - (9 + 3))?
52
Let y(x) = 596*x**2 + x + 6. What is the remainder when y(-1) is divided by 11?
7
Let i(j) = -6*j**3 - 3*j**2 - 2*j + 11. Calculate the remainder when i(-3) is divided by 52.
48
Suppose 71*n = -g + 69*n + 97, -2*n = 3*g - 287. Calculate the remainder when 664 is divided by g.
94
Let n(f) = 61*f + 1. Let q be n(-1). What is the remainder when 58 is divided by ((-4)/(-8))/((-2)/q)?
13
Let i(q) = -q**2 - 9*q. Let u = -9 - -4. Calculate the remainder when 56 is divided by i(u).
16
Let v = 40 + -68. What is the remainder when (v/(-6))/(1/9) is divided by 11?
9
Let l(d) = -7*d**2 - 26*d - 2. Let r(c) = c**2 + c - 1. Let g(z) = l(z) + 6*r(z). Calculate the remainder when g(-19) is divided by 9.
2
Let q(r) = -2*r**3 - 18*r**2 + 18*r + 50. What is the remainder when 1046 is divided by q(-10)?
66
Let z(s) = -2*s + 14. Suppose 14*v = 12*v. Suppose v*u + 2*u + 30 = 0. Calculate the remainder when z(u) is divided by 15.
14
Suppose -3*r + 722 = 659. Calculate the remainder when 334 is divided by r.
19
Let c = 58 - 31. Let d = c - 15. Suppose 5*j + 3*r = -d + 64, -24 = -5*j + 4*r. What is the remainder when 14 is divided by j?
6
Suppose 7*m - 135 = 2*m. What is the remainder when m is divided by 101/7 + (48/14)/(-8)?
13
Let o(a) be the first derivative of -a**3/3 - 4*a**2 + 11*a - 1. What is the remainder when o(-8) is divided by 510/70 + 2/(-7)?
4
Suppose 133 - 53 = 5*y. Suppose -5*z + 14 = -1. Suppose -z = -b, 2*x - 4*b + 4 - 12 = 0. What is the remainder when y is divided by x?
6
Let d(p) = p**2 - 4*p - 2. Let s be (-133)/(-15) + (-6)/(-45). Suppose 6*m - 2*u = 7*m - s, -5*m + 70 = 5*u. What is the remainder when m is divided by d(6)?
9
Let d = -186 - -378. Calculate the remainder when d is divided by 41.
28
Let l = 166 - 145. Let a = -16 - -28. Let p = a + -4. Calculate the remainder when l is divided by p.
5
Let n be ((-11)/(-33))/((-2)/(-60) - 0). Calculate the remainder when 5 is divided by 2/n - (-24)/30.
0
Let u = -627 + 672. Calculate the remainder when u is divided by 19.
7
Let f = -9 + 14. Suppose 0 = f*v - v. Suppose 2*t - t = -4*m + 21, -m - 1 = v. Calculate the remainder when t is divided by 7.
4
Let x = 12 + -17. Let o = x - 1. Let j(f) = -f**2 - 9*f - 1. What is the remainder when j(o) is divided by 10?
7
Let s = 799 + -587. Calculate the remainder when s is divided by 68.
8
Suppose -l = 4*h - 110, 10*l - 3*h = 12*l - 205. What is the remainder when 207 is divided by l?
11
Suppose -20 = -2*v + 26. Let w(y) = -y**3 + 8*y**2 + 3*y + 237. What is the remainder when w(10) is divided by v?
21
Let n = 1140 - 1108. Suppose -375 = -4*g + g. Calculate the remainder when g is divided by n.
29
What is the remainder when 155 is divided by (-197)/(-5) + 16/(-40)?
38
Suppose -2*d = 2*d + 3*u - 87, 5*d = -2*u + 100. Let n = -17 + 17. Suppose n*b = b - d. What is the remainder when b is divided by 10?
8
Let g be (-3)/(-4) + 5445/(-60). Let i = -57 - g. What is the remainder when 65 is divided by i?
32
Let z(p) = p**2. Let b = -12 + 12. Suppose -14 = -c - b*c. Calculate the remainder when c is divided by z(2).
2
Suppose -2*w = -1 - 43. Let c be 14/6 - w/66. Suppose 1 = -v, c*v + 333 = 5*a - 149. Calculate the remainder when a is divided by 33.
30
Suppose -2*f + 0*f = -10. Suppose a = -z + 42, 0 = -f*z - 5 - 5. Calculate the remainder when a is divided by -11 + -19 + 25 + -2 + 30.
21
Let c = 34 - 1. Suppose -72 = -q - 3*q. What is the remainder when c is divided by q?
15
Suppose 0 = -6*g + 29 + 265. What is the remainder when g is divided by 9?
4
Suppose -123 = -3*k - 27. Let i(y) = 2*y**2 - 3*y - 9. Let h = -1 + 5. What is the remainder when k is divided by i(h)?
10
What is the remainder when (-11 - 942/(-48))*8 is divided by 29?
11
Let v = -66 - -66. Suppose -y = -v - 2. Calculate the remainder when 5 is divided by y.
1
Suppose 2*i - 10 = -0. Suppose i*x + 394 = -4*c, 0*x + 3*c + 159 = -2*x. Let u = x + 109. What is the remainder when u is divided by 11?
9
Suppose 4*h = 3*a + a - 12, -3*a + 9 = -h. Suppose -4*t + 34 - 2 = h. What is the remainder when t is divided by 6?
2
Suppose -h + 12 = -6. Calculate the remainder when 73 is divided by (-4)/h + 411/27.
13
Suppose 5*d = -0*d + 160. Suppose k = r - k - d, -k = 1. Calculate the remainder when 118 is divided by r.
28
Suppose 50 - 895 = -13*z. What is the remainder when z is divided by 32?
1
Let x(p) = 2*p + 75. Calculate the remainder when x(-29) is divided by 9.
8
What is the remainder when (-2)/5 + (22491/(-35))/(-9) is divided by 15?
11
Let g(a) = -2*a + 12. Let u(z) = 3*z - 6. Let y(h) = 1. Let s(p) = u(p) - 5*y(p). Let v(l) = 5*g(l) + 6*s(l). What is the remainder when v(4) is divided by 7?
5
Let x = 17 + -16. Let b(c) = 2*c**2 - c + 2. Calculate the remainder when b(-5) is divided by (x - -14) + (0 - 0).
12
Let b = 52 + -49. Suppose 315 = b*x - 204. What is the remainder when x is divided by 44?
41
Suppose 0 = -2*o + 4*o. Suppose 12 = -o*c + 2*c. Suppose c*r - 7*r = -45. What is the remainder when r is divided by 16?
13
Suppose -6*l - 7 = -7*l. Let q(d) = d + l + 0*d + 2*d. Calculate the remainder when q(10) is divided by 20.
17
Let w(a) = -a**3 - 13*a**2 - 24*a + 107. Calculate the remainder when w(-14) is divided by 5.
4
Suppose 5*x + 3 - 238 = 0. Calculate the remainder when x is divided by 18.
11
What is the remainder when 140 is divided by (-343)/(-21) - (-2)/(-6)?
12
Let c(z) = 5*z + 4. Let k be c(2). Let n = 34 - k. Suppose 5*g = -4*y + 302, 2*g - 85 = 2*y + 25. What is the remainder when g is divided by n?
18
Suppose -4*h + 56 = -5*m, -27 = -h + 4*m - 2. What is the remainder when 19 is divided by h?
1
Calculate the remaind